11 divide 17939?
False
Does 10 divide 1242?
False
Is 1027 a multiple of 12?
False
Is 8 a factor of 3085?
False
Is 12 a factor of 896?
False
Is 4 a factor of 481?
False
Does 2 divide 1326?
True
Is 3514 a multiple of 29?
False
Is 246 a multiple of 41?
True
Does 47 divide 4832?
False
Does 15 divide 15900?
True
Is 2616 a multiple of 54?
False
Is 18 a factor of 1754?
False
Does 7 divide 1554?
True
Is 148 a factor of 48634?
False
Is 16138 a multiple of 208?
False
Does 7 divide 16541?
True
Is 60 a factor of 2220?
True
Does 30 divide 2907?
False
Does 52 divide 468?
True
Is 340 a multiple of 20?
True
Is 10098 a multiple of 18?
True
Is 85 a factor of 4504?
False
Is 1881 a multiple of 30?
False
Is 255 even?
False
Is 109 a factor of 36368?
False
Is 9284 a multiple of 44?
True
Does 27 divide 4910?
False
Does 19 divide 7657?
True
Is 4080 a multiple of 68?
True
Is 4215 a multiple of 12?
False
Is 16 a factor of 51644?
False
Does 17 divide 37791?
True
Is 10 a factor of 197?
False
Is 780 a multiple of 4?
True
Is 1192 a multiple of 23?
False
Is 92031 a multiple of 60?
False
Does 4 divide 2464?
True
Is 4649 a multiple of 17?
False
Is 47 a factor of 35390?
False
Is 17 a factor of 81?
False
Does 13 divide 5174?
True
Is 15 a factor of 7384?
False
Is 381 a multiple of 11?
False
Is 109664 a multiple of 16?
True
Is 37 a factor of 142?
False
Does 20 divide 7720?
True
Is 10213 a multiple of 39?
False
Is 17 a factor of 709?
False
Is 11 a factor of 242?
True
Is 1170 a multiple of 10?
True
Does 60 divide 7560?
True
Does 30 divide 74667?
False
Is 15 a factor of 210?
True
Is 9 a factor of 891?
True
Is 23 a factor of 5957?
True
Is 1540 a multiple of 10?
True
Is 22 a factor of 7783?
False
Does 16 divide 5217?
False
Is 14 a factor of 22833?
False
Does 24 divide 975?
False
Is 6 a factor of 1963?
False
Does 24 divide 864?
True
Is 214 a factor of 36594?
True
Does 19 divide 7342?
False
Is 57 a factor of 338?
False
Is 45 a factor of 8197?
False
Is 83 a factor of 2827?
False
Is 933 a multiple of 28?
False
Is 81310 a multiple of 56?
False
Is 29 a factor of 17893?
True
Is 147 a factor of 3969?
True
Does 13 divide 559?
True
Is 32 a factor of 6387?
False
Is 97 a factor of 101?
False
Is 3 a factor of 1441?
False
Does 71 divide 5183?
True
Does 5 divide 1425?
True
Is 13 a factor of 728?
True
Is 6370 a multiple of 70?
True
Does 9 divide 738?
True
Is 99 a factor of 7029?
True
Is 8 a factor of 160?
True
Is 57 a factor of 8835?
True
Is 13 a factor of 104?
True
Is 2223 a multiple of 5?
False
Does 87 divide 2219?
False
Does 15 divide 1650?
True
Is 1818 a multiple of 101?
True
Does 29 divide 1593?
False
Is 272 a multiple of 30?
False
Is 15 a factor of 1188?
False
Is 3177 a multiple of 104?
False
Is 23 a factor of 3703?
True
Does 12 divide 791?
False
Does 11 divide 2772?
True
Is 29256 a multiple of 43?
False
Does 11 divide 268?
False
Is 44 a factor of 176?
True
Is 24 a factor of 33174?
False
Is 149 a factor of 6458?
False
Does 8 divide 520?
True
Does 17 divide 177?
False
Is 8901 a multiple of 43?
True
Does 13 divide 6354?
False
Is 25 a factor of 24747?
False
Is 3 a factor of 42?
True
Is 1197 a multiple of 41?
False
Does 240 divide 42130?
False
Is 6592 a multiple of 22?
False
Is 866 a multiple of 22?
False
Does 42 divide 3509?
False
Is 33 a factor of 56890?
False
Is 5 a factor of 30?
True
Does 7 divide 3391?
False
Is 2226 a multiple of 14?
True
Is 127 a factor of 30291?
False
Is 8 a factor of 1096?
True
Does 61 divide 3843?
True
Is 51916 a multiple of 211?
False
Does 28 divide 140?
True
Does 53 divide 11817?
False
Is 656 a multiple of 7?
False
Is 3657 a multiple of 23?
True
Is 524 a multiple of 17?
False
Is 942 a multiple of 13?
False
Is 197 a factor of 4538?
False
Is 856 a multiple of 12?
False
Is 12 a factor of 33290?
False
Is 14 a factor of 693?
False
Does 21 divide 27856?
False
Is 1298 a multiple of 7?
False
Does 8 divide 3712?
True
Is 6549 a multiple of 177?
True
Does 21 divide 26242?
False
Is 9 a factor of 257?
False
Does 14 divide 6765?
False
Is 8 a factor of 21893?
False
Does 44 divide 220?
True
Is 4 a factor of 456?
True
Is 21888 a multiple of 152?
True
Is 47 a factor of 3807?
True
Does 277 divide 831?
True
Is 31 a factor of 2883?
True
Does 144 divide 24039?
False
Does 155 divide 50944?
False
Does 18 divide 8478?
True
Is 30 a factor of 840?
True
Is 856 a multiple of 2?
True
Is 6 a multiple of 3?
True
Is 9268 a multiple of 14?
True
Is 10472 a multiple of 187?
True
Is 6208 a multiple of 191?
False
Does 294 divide 14886?
False
Does 23 divide 26266?
True
Is 9 a factor of 272?
False
Does 3 divide 93?
True
Is 13 a factor of 2836?
False
Is 46 a factor of 9292?
True
Does 9 divide 477?
True
Is 1365 a multiple of 14?
False
Does 43 divide 6122?
False
Is 56 a factor of 42535?
False
Is 118 a factor of 12626?
True
Does 282 divide 21996?
True
Is 237 a factor of 36294?
False
Is 38950 a multiple of 278?
False
Is 16 a factor of 288?
True
Does 94 divide 312?
False
Is 218 a factor of 21663?
False
Is 12054 a multiple of 82?
True
Does 52 divide 939?
False
Is 15879 a multiple of 9?
False
Is 702 a multiple of 13?
True
Does 36 divide 2114?
False
Is 78 a factor of 9048?
True
Is 13797 a multiple of 73?
True
Is 378 a multiple of 63?
True
Is 7297 a multiple of 22?
False
Is 1468 a multiple of 27?
False
Is 54 a factor of 5642?
False
Is 25 a factor of 5175?
True
Is 9510 a multiple of 15?
True
Is 9 a factor of 135?
True
Is 3987 a multiple of 65?
False
Does 42 divide 462?
True
Is 3223 a multiple of 11?
True
Does 15 divide 2269?
False
Is 126 a factor of 11873?
False
Is 14 a factor of 1232?
True
Is 22 a factor of 44242?
True
Does 35 divide 840?
True
Is 234 a factor of 8658?
True
Does 22 divide 7110?
False
Is 5511 a multiple of 33?
True
Is 15 a factor of 1785?
True
Does 7 divide 1295?
True
Is 2 a factor of 13385?
False
Does 7 divide 2392?
False
Does 59 divide 2360?
True
Is 25560 a multiple of 10?
True
Is 20 a factor of 3968?
False
Is 900 a multiple of 6?
True
Is 25534 a multiple of 76?
False
Is 3696 a multiple of 9?
False
Does 43 divide 1129?
False
Does 18 divide 31253?
False
Does 39 divide 4797?
True
Does 98 divide 93394?
True
Is 189 a multiple of 37?
False
Is 48048 a multiple of 16?
True
Is 32 a factor of 480?
True
Is 1562 a multiple of 88?
False
Is 32 a factor of 3648?
True
Is 28434 a multiple of 14?
True
Is 18 a factor of 2732?
False
Is 44243 a multiple of 143?
False
Is 174 a multiple of 9?
False
Is 51 a factor of 14310?
False
Is 3 a factor of 3715?
False
Is 40 a factor of 3905?
False
Does 12 divide 5036?
False
Is 15 a factor of 18990?
True
Is 368 a multiple of 23?
True
Is 15484 a multiple of 49?
True
Is 420 a multiple of 14?
True
Is 1590 a multiple of 10?
True
Is 27 a multiple of 9?
True
Is 217 a multiple of 34?
False
Is 408 a multiple of 51?
True
Does 8 divide 1990?
False
Is 46 a factor of 322?
True
Is 451 a multiple of 41?
True
Is 9428 a multiple of 58?
False
Is 26553 a multiple of 159?
True
Is 180 a multiple of 45?
True
Does 134 divide 3308?
False
Is 495 a multiple of 15?
True
Does 90 divide 3063?
False
Is 4044 a multiple of 25?
False
Is 14 a factor of 18332?
False
Does 78 divide 468?
True
Does 215 divide 37625?
True
Is 15 a factor of 300?
True
Is 174 a factor of 12876?
True
Does 16 divide 16?
True
Is 79 a factor of 13272?
True
Is 1281 a multiple of 21?
True
Is 1921 a multiple of 10?
False
Does 8 divide 12142?
False
Is 3323 a multiple of 52?
False
Is 765 a multiple of 5?
True
Is 58 a multiple of 12?
False
Is 1632 a multiple of 24?
True
Is 305 a multiple of 10?
False
Is 14 a factor of 28?
True
Does 12 divide 1202?
False
Is 4 a factor of 214?
False
Is 51802 a multiple of 35?
False
Is 173 a factor of 13759?
False
Is 82 a factor of 68962?
True
Is 186 a multiple of 4?
False
Does 53 divide 955?
False
Is 920 a multiple of 8?
True
Is 14 a factor of 24855?
False
Is 415 a multiple of 8?
False
Does 137 divide 8220?
True
Does 73 divide 80249?
False
Does 18 divide 3085?
False
Does 107 divide 13910?
True
Does 21 divide 15237?
False
Is 35 a factor of 4865?
True
Is 374 a factor of 53108?
True
Is 869 a multiple of 79?
True
Does 133 divide 4123?
True
Is 13152 a multiple of 24?
True
Does 16 divide 14799?
False
Does 11 divide 4022?
False
Is 2128 a multiple of 109?
False
Does 13 divide 251?
False
Does 25 divide 5272?
False
Is 8 a facto